h - 23. List the prime factors of k(8).
17
Suppose 5 = 2*c + 15. Let p = -3 - c. List the prime factors of p.
2
What are the prime factors of (77/(-44))/(2/(-56))?
7
Let c be 3/9 + (-23)/(-3). Let n = c + 10. List the prime factors of n/(-2 + 2 - -2).
3
What are the prime factors of ((-2)/(-3))/(-1 + (-154)/(-150))?
5
Suppose -4*i = -6*z + z + 7, 0 = -4*i - 2*z + 14. Suppose -8 - i = -2*a. Suppose -4*g + a*g = 4. What are the prime factors of g?
2
Suppose 222 = -2*n + 4*n. What are the prime factors of n?
3, 37
Let q = -17 + 20. Suppose 2*f - q*v - 22 = v, 4*v = -8. What are the prime factors of f?
7
Suppose 4*s + 2*c = 176, 0 = -5*s + 4*c + 220 + 26. What are the prime factors of s?
2, 23
List the prime factors of -26*(2 - (-10)/(-4)).
13
What are the prime factors of 28 - (-5)/((-10)/6)?
5
Let p(h) = -4*h + 8. Let f(c) = -c + 1. Suppose -5*v + 1 = -4*m + 2, -4*m - 3 = -v. Let a(i) = m*p(i) + 6*f(i). What are the prime factors of a(-2)?
2
List the prime factors of (1036/(-7))/(0 + 0 - 2).
2, 37
Let r = -20 - -15. Let f(u) = -u + u**2 + 3 + 6*u - u. What are the prime factors of f(r)?
2
Let v = -16 - -44. List the prime factors of v.
2, 7
Let z be (1 - 3)*(-55)/10. Suppose -2*a - 3 - 3 = 0. What are the prime factors of a/6*z*-2?
11
Let k = -7 - -11. List the prime factors of (-9)/k*(-16)/3.
2, 3
Suppose -j + 6*j = 4*m, 5*j - 30 = -2*m. Suppose -39 = -x + a - 3*a, 140 = 4*x + j*a. List the prime factors of x.
31
Suppose 15 - 3 = -3*s. Let c(m) = 2*m**3 + 0*m + 4*m**2 - 71 - m**3 - 6*m + 68. What are the prime factors of c(s)?
3, 7
Let u(q) = 35*q**2 + 2*q + 1. Let k be u(-1). Suppose 4*n + 92 = -0*n. Let z = n + k. What are the prime factors of z?
11
Let v(m) = 2*m + 37. List the prime factors of v(7).
3, 17
Let m be ((-4)/1)/(-4 - -2). List the prime factors of ((-12)/(-3))/m + 4.
2, 3
Let v be 22 - 0/((-16)/4). Let r = v + -12. What are the prime factors of r?
2, 5
Let b be 4/(8/(-3))*-2. Let n be (6/4)/(b/4). List the prime factors of 102/15 - n/(-10).
7
Let f(t) = 3*t + 5. Let r be f(8). Let c = r - -12. What are the prime factors of c?
41
Let t = 41 + -27. What are the prime factors of t?
2, 7
Suppose -5*q - 28 = -g, -2*q + 5 = -2*g + 37. What are the prime factors of g?
13
Let k(j) = -2*j - 5. Let w(d) = -d**2 - 3*d - 3. Suppose -5*z - 8 = 12. Let q be w(z). List the prime factors of k(q).
3
Let j = -3 + 3. Let x be j/1 - -1*4. Suppose -3*i + x*i - 16 = 0. List the prime factors of i.
2
Suppose -5*x - 2*s - 8 = 0, 4*x + 5*s = -0*x - 20. Suppose x*g + g = 5*h + 25, 3*g + 3*h = 75. List the prime factors of g.
5
Suppose -2*l + 74 = -4. Let h = l + -22. List the prime factors of h.
17
Let b be 12/5 + (-4)/10. Suppose 5*s - 1 = 4*s. What are the prime factors of 5/b*(s + 1)?
5
Let i(x) = -x**3 + 5*x**2 - x - 3. What are the prime factors of i(4)?
3
Let y = 3 - 3. Let j(k) = -k**2 - k + 5. Let s be j(y). Let q = s - -3. List the prime factors of q.
2
List the prime factors of (2 + (-127)/(-2))*2.
131
Let y(a) = -a - a + 16 + 4*a - a. List the prime factors of y(-11).
5
Suppose 12*d = 2788 - 4. List the prime factors of d.
2, 29
Suppose 2*r - 39 = 165. List the prime factors of r.
2, 3, 17
Let o = -3 - 0. Let y = -6 - o. What are the prime factors of (-3 - -6) + y/(-3)?
2
Let c = 7 - 5. Suppose 5*j - 2*j - 33 = l, 2*j - 26 = c*l. What are the prime factors of j?
2, 5
Let y = 42 + 0. List the prime factors of y.
2, 3, 7
Suppose 63 = 2*k - 201. Let d = k + -90. List the prime factors of d.
2, 3, 7
Let v = 10 + -7. Suppose y = -3*l + 1 + v, -3*y + 12 = -5*l. What are the prime factors of y?
2
Let i be (-10)/(1*1/(-10)). List the prime factors of i/8 + 1/(-2).
2, 3
Let n(q) = -15*q - 1. Suppose 2*j - 44 = -2*j. Suppose m + 2*l = -j, -5*m - l + 3*l = -5. List the prime factors of n(m).
2, 7
Let t = -7 - -10. Let x(v) = v**2 - 3. What are the prime factors of x(t)?
2, 3
Suppose -2*m + 4*m + 64 = -2*z, 3*z = 3*m - 66. List the prime factors of (-18)/z*(47 + 1).
2
Suppose 0 = -2*m - 0*m + 30. Suppose -6*p + p + 25 = 5*r, -3*r + m = -5*p. Let s = 7 + p. List the prime factors of s.
7
Suppose -2*g + 53 = u + g, 3*u + 2*g = 159. Suppose -4*k + u = -83. List the prime factors of k.
2, 17
Let p be 0 + -1*2 - 0. Let v(c) = -c**2 - c - 1. Let d be v(p). Let k(f) = -2*f + 2. What are the prime factors of k(d)?
2
Suppose 2*n = 3*o - 487, 650 = -2*o + 6*o - 2*n. List the prime factors of o.
163
Let g(q) = -5*q - 6. What are the prime factors of g(-7)?
29
What are the prime factors of 4 + -4 + 24 + -1 + -1?
2, 11
Suppose -16 = -4*k - 4. Suppose u + k = 14. List the prime factors of u.
11
Suppose -u + 3 + 19 = 0. Suppose 58 - u = 3*x. List the prime factors of x.
2, 3
Let g(t) = t**2 - 5*t + 6. Let r(a) = 2*a**2 - 6*a + 7. Let z(q) = 3*g(q) - 2*r(q). Let c be z(-3). List the prime factors of (-33)/(-7) + c/14.
5
Let u be 6/24 + 11/4. List the prime factors of -38*((-3)/2)/u.
19
Let f = 183 - 122. What are the prime factors of f?
61
Let t(d) = -d**3 - 5*d**2 - 2*d - 6. Let w be t(-5). Let s = -1 + w. Suppose -s*k - 5 = -41. List the prime factors of k.
2, 3
Let u be (1 - 1 - -3) + 0. Let b be u/(-2)*(-8)/3. Let i(r) = r + 4. List the prime factors of i(b).
2
Let j(v) = -v**3 + v**2 + 3*v - 15. List the prime factors of j(-5).
2, 3, 5
Let m = 197 + -78. What are the prime factors of m?
7, 17
Suppose -g = -46 - 107. List the prime factors of g.
3, 17
Suppose -6*t + 100 = -t. Suppose 3*l - t = -l. Suppose a + 18 + 36 = l*o, 4*a = 3*o - 46. What are the prime factors of o?
2, 5
Suppose -2*f - 5*y + 461 = -262, 2*y - 1755 = -5*f. What are the prime factors of f?
349
Let o = 5 + 10. Let f = 26 - o. List the prime factors of f.
11
Suppose -4*w + 26 = -5*c, -5*c = 5*w - 14 + 4. Suppose 2*z = 5*z - w*s - 16, 4*s = -4*z - 16. List the prime factors of -3 + 2 + 3 + z.
2
Let k = -229 - -321. List the prime factors of k.
2, 23
Let y = 396 + -228. List the prime factors of y.
2, 3, 7
Suppose 5*b - 418 = -3*s, 0*s = -s - 4. List the prime factors of b.
2, 43
Let m be 15/1*(-12)/5. Let u = m - -66. Suppose 0*c - u = -3*c. List the prime factors of c.
2, 5
Suppose 25 = 5*b, b = -2*p - b + 10. Suppose 3*h + 46 - 154 = p. List the prime factors of h.
2, 3
List the prime factors of 18 + 0 + (6 - 4).
2, 5
Suppose 4*u + 2*v - 804 = 0, 4*v - 4 - 4 = 0. List the prime factors of u.
2, 5
Let u be (-52)/(-14) - (-2)/7. Suppose 4*l = 2*g, -u*g + 5*l - l + 12 = 0. Let w = g + -3. List the prime factors of w.
3
Suppose -7*h + 170 = -3*h - 2*l, 0 = h - 4*l - 39. What are the prime factors of h?
43
Let f = -2 + 4. Suppose -2*l + 34 = 4*n, l - f*n - 17 = -0*l. What are the prime factors of l?
17
Suppose 17 + 71 = 4*u. What are the prime factors of u?
2, 11
Suppose -87 = -5*h + 93. What are the prime factors of h?
2, 3
List the prime factors of 16/(-88) + 464/11.
2, 3, 7
Let l = 49 - 13. List the prime factors of l.
2, 3
Suppose -84 = -2*z + 30. What are the prime factors of z?
3, 19
Let b = 9 - 5. Suppose -b*l = -l - 15. Suppose l*u = 4*c + 15, -u = u + 5*c - 6. What are the prime factors of u?
3
Let f(h) = 2 + 13*h**2 + 0 - 7 - 12*h + 3*h**3. Let y(w) = -10*w**3 - 40*w**2 + 36*w + 16. Let p(j) = -7*f(j) - 2*y(j). List the prime factors of p(-12).
3
Let z = -145 - -282. What are the prime factors of z?
137
Let y = 6 + -10. Suppose 0 = 7*s - 2*s + 2*m - 30, 3*s = -3*m + 9. Let v = y + s. What are the prime factors of v?
2
What are the prime factors of (-4)/(-2)*(9 - (3 - -4))?
2
Suppose 38 = 5*k - 5*q - 22, -5*k = -q - 64. Suppose 5 + k = i. What are the prime factors of i?
2, 3
Let b = -1 + 0. Let l(m) be the second derivative of -9*m**5/20 - m**4/12 + m**3/6 + m**2/2 - m. What are the prime factors of l(b)?
2
Suppose 36 = 2*g - 78. List the prime factors of g.
3, 19
Suppose 975 = 8*k - 1513. List the prime factors of k.
311
Let o = -19 + 18. List the prime factors of 4/((-16)/(-68)) + o.
2
Let q = 4 + -4. Suppose 4*t - 3*t - 10 = q. List the prime factors of t.
2, 5
Suppose 16 = -4*j + j + 4*w, 20 = -j + 5*w. Suppose j = -5*c - 15 - 0. Let o(n) = n**2 + n + 2. What are the prime factors of o(c)?
2
Let m = 6 + -1. Let t = 19 - m. What are the prime factors of t?
2, 7
Let s be 9/(1*1/(-3)). Let y = s - -19. Let n(m) = m**2 + 6*m - 8. List the prime factors of n(y).
2
Let j(s) = s**2 - 3*s - 